 p(-81).
0
Let a(r) = -r**3 + 183*r**2 + 226*r - 7531. Determine a(184).
197
Let m(x) = x**3 - 31*x**2 + 28*x - 1493. What is m(31)?
-625
Let q(l) = 2*l**3 - 101*l**2 + 14*l + 1391. Calculate q(50).
-409
Let t(m) = -113545*m - 340647. What is t(-3)?
-12
Let u(m) = -14*m**3 - 47*m**2 - 42*m - 61. Calculate u(-3).
20
Let d(m) = -24*m**2 + 203*m + 233. What is d(16)?
-2663
Let d(k) = -1819*k - 38339. What is d(-20)?
-1959
Let t(v) = v**3 - 5*v**2 + 3*v - 28. What is t(6)?
26
Let i(s) = -2*s**3 + 545*s**2 + 433*s - 43671. What is i(273)?
9
Let p(r) = 310*r**2 - 49300*r + 1588. Give p(159).
-2
Let g(f) = -f**3 - 250*f**2 - 14656*f + 743. Give g(-94).
-9
Let p(f) = 31*f**2 - 83*f + 102. What is p(1)?
50
Let a(j) = j**3 + 15*j**2 - 867*j - 11092. Determine a(-13).
517
Let a(u) = -4181*u - 28516. Give a(-6).
-3430
Let b(x) = 33*x**2 - 487*x + 34. Calculate b(14).
-316
Let y(v) = 2*v**3 - 99*v**2 + 64*v - 1635. Determine y(49).
-900
Let v(t) = -25588*t + 129034. What is v(5)?
1094
Let v(s) = s**2 - 1069*s + 54810. Determine v(54).
0
Let i(a) = -1078*a + 147180. Determine i(137).
-506
Let k(b) = -52547*b - 315289. Determine k(-6).
-7
Let s(h) = 1511*h + 140532. What is s(-93)?
9
Let s(x) = -2*x**3 - 463*x**2 + 267*x + 7797. What is s(-232)?
-323
Let d(h) = 1146*h - 35267. What is d(31)?
259
Let r(f) = -2431*f + 145861. Determine r(60).
1
Let z(x) = -3*x**2 + 2772*x + 27908. Calculate z(-10).
-112
Let z(p) = -p**2 + 2270*p - 245735. Give z(114).
49
Let s(p) = p**2 - 5160*p + 61675. Calculate s(12).
-101
Let o(y) = 5920*y + 236778. Give o(-40).
-22
Let z(m) = 6*m**3 - 150*m**2 - 174*m + 4353. Calculate z(25).
3
Let d(a) = -3934*a + 153243. What is d(39)?
-183
Let l(g) = -5*g**3 + 4*g**2 + 18149*g + 90747. Give l(-5).
727
Let z(q) = -6861*q + 631203. Determine z(92).
-9
Let k(q) = 15182*q - 516189. Give k(34).
-1
Let p(i) = -6*i**2 - 3998*i - 5229. Calculate p(-665).
91
Let w(q) = -5552*q + 46305. What is w(9)?
-3663
Let s(i) = -1390*i**2 - 4544*i - 3537. Give s(-2).
-9
Let z(y) = 7*y**3 - 2*y**2 - 36*y + 168. What is z(5)?
813
Let a(f) = -f**3 + 68*f**2 - 1008*f. Determine a(22).
88
Let d(v) = 829*v - 6611. Calculate d(7).
-808
Let f(x) = -x**3 - 94*x**2 + 1009*x + 40901. Determine f(-100).
1
Let l(y) = y**2 + 90*y - 7711. What is l(-143)?
-132
Let y(a) = -a**3 - 32*a**2 + 204*a + 4106. Calculate y(-35).
641
Let a(g) = 3077*g + 30772. What is a(-10)?
2
Let s(o) = -16*o**2 - 1969*o - 3946. Determine s(-121).
47
Let b(q) = -3*q**2 + 84*q + 393. What is b(28)?
393
Let j(c) = -10*c**2 - 258*c - 2391. What is j(-9)?
-879
Let a(o) = 2*o**2 + 760*o + 11345. Calculate a(-15).
395
Let n(v) = 22485*v - 224863. Calculate n(10).
-13
Let i(g) = -3526*g - 3258044. Calculate i(-924).
-20
Let o(q) = -528*q + 603. Calculate o(2).
-453
Let w(q) = -28144*q - 196998. Give w(-7).
10
Let d(w) = 9401*w - 3036569. Give d(323).
-46
Let d(v) = v**3 + 1038*v**2 + 7385*v + 173186. Determine d(-1031).
-22
Let g(t) = 125*t + 28233. Give g(-226).
-17
Let i(v) = -48*v**2 - 23*v + 235. Calculate i(2).
-3
Let b(u) = 1629*u + 522899. What is b(-321)?
-10
Let z(n) = 18*n**2 - 24117*n - 2098631. Determine z(-82).
-5
Let s(k) = -8*k**2 - 3882*k - 5087. Give s(-484).
-247
Let j(s) = 1349149*s + 14840643. What is j(-11)?
4
Let b(l) = -4394*l + 14526. Calculate b(3).
1344
Let r(i) = i**2 - 737*i + 9428. Give r(13).
16
Let v(m) = 5613*m - 488342. Calculate v(87).
-11
Let s(f) = -2225*f - 4243082. What is s(-1907)?
-7
Let j(t) = -3*t - 3526. Give j(53).
-3685
Let g(o) = o**2 + 3810*o + 94573. Calculate g(-25).
-52
Let w(s) = -48670*s + 48. Give w(0).
48
Let n(k) = -67*k**2 - 503*k + 273. Calculate n(-8).
9
Let o(f) = 6393*f - 58044. Calculate o(9).
-507
Let p(h) = -70*h**2 + 513*h - 276. What is p(7)?
-115
Let m(l) = 32*l**3 - 51*l**2 - 129*l + 31. What is m(-3)?
-905
Let m(u) = 3*u**3 - 45*u**2 + 31*u - 522. Give m(15).
-57
Let h(u) = -u**3 + 35*u**2 + 3007*u - 160. Determine h(75).
365
Let h(w) = 447*w**2 + 2766*w + 505. Determine h(-6).
1
Let j(r) = -195*r - 789. What is j(-4)?
-9
Let c(s) = -93*s**3 - 22*s**2 - 2*s - 2. Give c(-1).
71
Let p(r) = -r**3 + 23*r**2 - 33*r + 55. What is p(24)?
-1313
Let v(i) = -27112*i + 1003143. What is v(37)?
-1
Let k(j) = 6028*j + 36061. Calculate k(-6).
-107
Let a(j) = -2*j**3 - 9*j**2 - 4*j - 191. Determine a(-5).
-146
Let k(r) = -r**3 + 679*r**2 - 55967*r - 108. Determine k(96).
-12
Let w(c) = -c**2 + 1746*c + 204147. Determine w(-110).
-13
Let q(s) = 24*s**3 - 8753*s**2 - 2578*s + 8372. What is q(365)?
-23
Let g(b) = 29*b**2 + 205*b - 305. Give g(-10).
545
Let s(j) = 103*j - 27107. Give s(264).
85
Let m(b) = 1254*b + 53962. Give m(-43).
40
Let k(t) = 149*t + 13292. Determine k(-66).
3458
Let v(m) = -m**2 + 187*m - 9478. Determine v(67).
-1438
Let z(k) = 371057*k - 7050089. Calculate z(19).
-6
Let c(v) = 7*v**2 - 210*v - 19. What is c(32)?
429
Let k(u) = 12*u**3 - 2375*u**2 - 448*u + 49502. What is k(198)?
2
Let t(j) = 1055547*j + 50666252. Determine t(-48).
-4
Let z(t) = 16*t**3 - 13*t**2 + 96*t + 399. Calculate z(-4).
-1217
Let c(v) = -107*v**3 - 540*v**2 - 91*v - 425. What is c(-5)?
-95
Let w(i) = -i**3 - 103*i**2 - 2529*i - 154. Give w(-41).
-687
Let d(w) = -1699*w - 45980. What is d(-27)?
-107
Let c(w) = -172*w + 2580. Give c(3).
2064
Let t(d) = -12*d**2 + 1231*d - 9257. Calculate t(8).
-177
Let z(s) = -251*s**2 - 2541*s - 111. Determine z(-10).
199
Let z(k) = 23*k**3 + 312*k**2 - 11*k - 25. What is z(-14)?
-1831
Let h(l) = 6*l**3 + 25*l**2 - 54*l - 52. Determine h(-6).
-124
Let s(m) = -m**2 - 56*m + 171. What is s(-52)?
379
Let i(m) = -m**2 + 291*m + 12311. Calculate i(-47).
-3575
Let m(z) = 2*z**3 - 583*z**2 + 183*z - 138669. Calculate m(292).
31
Let s(p) = 222819*p - 21167797. Calculate s(95).
8
Let g(p) = -24*p**2 + 854*p - 3406. What is g(31)?
4
Let t(y) = 1211*y + 47233. Give t(-39).
4
Let f(z) = 5153*z - 1824162. What is f(354)?
0
Let x(r) = 5421*r + 16221. Give x(-3).
-42
Let t(h) = -128*h**2 - 731*h + 233. Calculate t(-6).
11
Let m(a) = a**3 + 547*a**2 - 7362*a - 45956. What is m(-560)?
-36
Let c(y) = -y**3 + 112*y**2 + 16464*y + 444. Give c(196).
444
Let b(x) = -x**3 - 339*x**2 + 1146*x + 41024. Determine b(-342).
-16
Let o(t) = 186*t + 7124. What is o(-42)?
-688
Let v(p) = -11*p**3 + 68*p**2 - 397*p + 2282. Give v(6).
-28
Let i(z) = -1354*z - 12210. Determine i(-9).
-24
Let b(k) = 241*k - 18928. Determine b(75).
-853
Let w(f) = -9*f**2 - 18368*f + 18368. Determine w(1).
-9
Let k(v) = 3085*v**2 - 6160*v + 1. Calculate k(2).
21
Let h(a) = a**2 - 314217*a + 4713027. Give h(15).
-3
Let p(z) = -38*z**2 + 281*z - 257. Give p(1).
-14
Let j(z) = z**3 + 11*z**2 - 287*z - 3154. Determine j(-11).
3
Let h(s) = 2769*s + 5487. Determine h(-2).
-51
Let r(s) = s**3 - 40*s**2 + 297*s + 98. Determine r(30).
8
Let u(b) = -b**3 + 3*b**2 + 257*b + 1189. Give u(-6).
-29
Let d(k) = 26*k**2 + 3483*k - 7177. Give d(-136).
31
Let w(x) = -x**3 + 302*x**2 - 330*x + 8684. Determine w(301).
-45
Let g(m) = -16*m**2 + 480*m - 3535. Give g(17).
1
Let f(x) = -627*x**3 + 16*x**2 - 7*x - 6. Determine f(1).
-624
Let b(i) = 136810*i - 7387747. Calculate b(54).
-7
Let f(u) = -u**2 + 34387*u + 1101402. What is f(-32)?
-6
Let q(c) = -c**2 - 6848*c - 407293. Give q(-60).
-13
Let q(d) = 4*d**2 - 175*d + 989. Give q(38).
115
Let l(w) = -501*w - 887. Give l(-2).
115
Let b(x) = -15*x**2 - 2937*x + 30885. Determine b(10).
15
Let j(v) = -v**3 + 14*v**2 - 52*v - 129. Give j(12).
-465
Let b(n) = -2*n**3 - 82*n**2 + 12453*n - 620. Determine b(61).
-71
Let f(d) = 102*d - 9730. Determine f(92).
-346
Let i(z) = -z**3 + 25*z**2 + 719*z + 133. Determine i(-17).
48
Let x(o) = 2*o**3 - 76*o**2 + 3*o - 2970. What is x(39)?
189
Let q(l) = -2*l**3 - 5*l**2 - 148*l + 589. Calculate q(4).
-211
Let n(l) = 29099*l + 58325. Give n(-2).
127
Let r(i) = -938*i + 105569. Calculate r(112).
513
Let o(d) = -71*d + 7403. Give o(97).
516
Let a(y) = -938*y - 16280. What is a(-17)?
-334
Let m(h) = 14107*h - 42287. Calculate m(3).
34
Let l(v) = -1258730*v - 22657139. What is l(-18)?
1
Let f(q) = -320*q - 1383. Give f(-5).
217
Let n(b) = -1199*b + 188046. What is n(157)?
-197
Let g(r) = 7*r**3 - 7*r**2 + 73*r - 124. Calculate g(4).
504
Let q(i) = -11507*i + 1300292. Determine q(113).
1
Let c(i) = -i**2 + 29706*i + 7